. Let d be 15/(-3)*(-6)/10. Suppose -d*b - j = -0*j - 101, q = -2*j + 4. What is the remainder when b is divided by 17?
16
Let q = 1 + 0. What is the remainder when (366/12)/((-2)/(-4)) is divided by (8 + q)/3*7?
19
Suppose 5*i - 3*q - 113 = 27, 4*i - 4*q - 112 = 0. Calculate the remainder when 42 is divided by (-1)/4 - (-623)/i.
20
What is the remainder when ((-8)/(-24))/(2/24) is divided by 3?
1
Suppose -4*v = 3 + 1, 5*v = o - 15. What is the remainder when o is divided by 9?
1
Calculate the remainder when 23 is divided by 15/2*6/5.
5
Let h = 69 + -10. Calculate the remainder when h is divided by 16.
11
Suppose 8 = 4*k - 4. Calculate the remainder when (k + -5)*(-19)/2 is divided by 11.
8
Let z(r) = 4*r**2 - 4*r**3 + 0 - 1 - 2*r**2. Suppose -5*d - 5 = -0*d, -d - 6 = 5*c. Calculate the remainder when z(c) is divided by 2.
1
Suppose -2*c + 155 = 3*c + 2*b, 0 = 4*c + 5*b - 141. Let u = 25 - 18. Let i(x) = x**3 - 8*x**2 + 8*x + 9. Calculate the remainder when c is divided by i(u).
13
Suppose -5*p - 2 = -17. Suppose 3*t = a + 13, -p*t + 3*a + 21 = 6. Let n = 50 + -40. What is the remainder when n is divided by t?
2
Let m = -4 + 9. Suppose 0*c + 5*f - 255 = -m*c, -2*c - f + 100 = 0. Calculate the remainder when c is divided by 13.
10
Suppose 11*j - 92 = 2185. Calculate the remainder when j is divided by 42.
39
Let j(t) = t**3 - 6*t**2 + 7*t - 6. Let x be j(5). Suppose x*g = 12 + 12. What is the remainder when 14 is divided by g?
2
What is the remainder when 157 is divided by 35 + ((-3)/15 - 42/15)?
29
What is the remainder when 28 is divided by (5/20)/1 + 39/4?
8
Let n(l) = -19*l - 66. Suppose g + r = 3 + 9, 2*g + r = 29. What is the remainder when n(-6) is divided by g?
14
Suppose -164 - 16 = -5*h. Calculate the remainder when 106 is divided by h.
34
Let s(q) = 5*q + 1. Let r(v) = -v**3 + 6*v**2 - 19*v + 122. Calculate the remainder when s(6) is divided by r(6).
7
Suppose -n - 2*n + 3 = 0. Let j be (-8)/(-2) + -1 + n. Calculate the remainder when (-2)/(7/j + -2) is divided by 5.
3
Let j = 6 - 4. What is the remainder when 4 is divided by j?
0
Suppose -5*m + 13 = -2*r, -4*r - 10 = -5*m + r. Let g = -2 + m. Calculate the remainder when g/(-3) - (-34)/3 is divided by 6.
5
Let c be (0 - 5)*-9*1. Suppose -3*v + 0*v = -c. Let h = -30 - -58. Calculate the remainder when h is divided by v.
13
Let k = -66 + 136. Suppose 3*g - k = g. Calculate the remainder when g is divided by 12.
11
Calculate the remainder when 2 is divided by 1/(15/(-6) + 3).
0
Suppose -6*k + k = -225. What is the remainder when 133 is divided by k?
43
Suppose -y - d - 3 = -11, 4*d - 8 = 0. Let t = 4 + y. What is the remainder when 19 is divided by t?
9
Let l(i) = -6*i. Calculate the remainder when 68 is divided by l(-3).
14
Suppose 5*w = 64 + 46. Let d = 47 - w. Calculate the remainder when d is divided by 14.
11
Let t(p) = p**2 + 7*p - 6. Let v be t(-8). Suppose -5*x - 30 - 23 = -v*b, 0 = 2*x + 6. Calculate the remainder when b is divided by 10.
9
Let a be (-1 + -2)/((-6)/10). Suppose 0 = -q + 3*q - a*o + 9, 5*o = 5*q. What is the remainder when 5 is divided by q?
2
Suppose -2*b + 105 = 3*b. Calculate the remainder when b is divided by 11.
10
Let l = -30 + 44. Suppose 5*w - m - 15 = 0, -2*w - m - 9 = -5*w. Suppose w*s - 136 = -16. Calculate the remainder when s is divided by l.
12
Let z be 4/16 - 201/(-12). Let y = z + 9. What is the remainder when 75 is divided by y?
23
Let j = -24 - 5. Let h = 72 + j. Calculate the remainder when h is divided by 15.
13
Let t = 16 - 14. What is the remainder when 3 is divided by t?
1
Let b(h) = h**3 + 9*h**2 - 7*h - 1. Let w(n) = -3*n**3 - 19*n**2 + 15*n + 2. Let x(j) = 5*b(j) + 2*w(j). What is the remainder when 71 is divided by x(5)?
23
Suppose 11 = 5*w + 36, m - 5*w - 31 = 0. Calculate the remainder when 17 is divided by m.
5
Let v(w) = w**2 + 17*w + 8. What is the remainder when v(-19) is divided by 25?
21
Suppose 2*u = -0*u + 24. Let b be (-2)/6 + 4/u. Suppose 2*k - 12 = -b*k. What is the remainder when 11 is divided by k?
5
Suppose 0 = -5*d - 20, -2*k - 5*d - 24 = -k. Let i(w) = -w**3 - 2*w**2 - 2*w + 2. Let p be i(k). Let t = p - 22. What is the remainder when t is divided by 7?
6
Let p(m) = 3*m + 16. Calculate the remainder when p(16) is divided by 24.
16
Let p = 33 - -90. Suppose 0 = 4*s - 2*b - p - 15, b = 3*s - 106. Calculate the remainder when s is divided by (20 - 1)*(1 - 0).
18
Suppose -2*v + 38 = 2*h, v + 3*h = 3*v - 48. Let m(n) = -11*n + 1. What is the remainder when v is divided by m(-1)?
9
Let z(j) = -3*j - 11. Calculate the remainder when 97 is divided by z(-15).
29
Suppose -5*u - 35 = -5*x, -2*u - 3*u - x = 17. Let y = u + 8. Suppose y*f + 29 = 8*f - g, 3*f - 22 = g. Calculate the remainder when f is divided by 3.
1
Let d = 2 + 6. Suppose -4*w - h + 84 = 4*h, w + 4 = 5*h. Let y = w - d. Calculate the remainder when y is divided by 5.
3
Let v(s) = 2*s**2 - 6*s + 1. What is the remainder when v(5) is divided by 8?
5
Let w = 19 - 33. Let f = -10 - w. Calculate the remainder when 7 + -3*8/(-6) is divided by f.
3
Let z = -75 + 124. Suppose -w = 2*w - 312. Suppose -19 + w = 5*n. Calculate the remainder when z is divided by n.
15
Suppose -40 = 5*g + 5. Let r = -3 - g. Suppose -7 - 3 = -k. Calculate the remainder when k is divided by r.
4
Suppose 133 = 5*j - 2*x, -7*x + 2*x = j - 5. Calculate the remainder when 48 is divided by j.
23
Calculate the remainder when 21 is divided by 396/24*(-2)/(-3).
10
Let n = -14 - -8. What is the remainder when 6 is divided by -3 + (-1 - -2) - n?
2
Let l be (-84)/(-8)*(-8)/(-6). What is the remainder when 38 is divided by 186/l - (-6)/(-21)?
12
Suppose -7*q = -4*q - 63. Suppose q = 5*k - 2*h, -5*h + 18 = 2*k - h. What is the remainder when 19 is divided by k?
4
Suppose 0*x + 2*x = 38. Let m = -46 - -75. Suppose m - 4 = 5*a. Calculate the remainder when x is divided by a.
4
Let b(z) = -z**3 + 8*z**2 - 2*z + 11. Let q be b(8). Let g = 12 + q. What is the remainder when g is divided by 4?
3
Suppose 5*i + 114 - 644 = 0. What is the remainder when i is divided by 37?
32
Suppose -2*x + 0*a = -2*a - 12, 5*a + 6 = -x. Suppose -x*q + 10 = q. Calculate the remainder when 25 is divided by ((-45)/(-10))/(q/4).
7
Let g = 11 - 0. Suppose 3 = -x + g. Calculate the remainder when 38 is divided by x.
6
Suppose j + 80 = 5*j. Suppose 0 = -8*g + 3*g + j. What is the remainder when 5 is divided by g?
1
Suppose -2*u = 5*h + 13, 5*u = 3*h + 32 + 13. What is the remainder when u is divided by (6/(-24))/(5/(-60))?
0
Suppose -5*b + 5 = -6*b. Let f be 6/(-10)*-1*b. What is the remainder when 62 is divided by f*(0/(-3) - 7)?
20
Suppose -39 - 1 = -4*i. Let g = 5 - -3. Let x = g - 4. What is the remainder when i is divided by x?
2
Let q = 13 - -47. Suppose -5*z - 2*m + 113 = 0, -m = -5*z - 5*m + 121. What is the remainder when q is divided by z?
18
Suppose -4*g = 3*r - 186 + 39, 2*r + 4*g = 102. Suppose -3*z = -0*z - r. Calculate the remainder when 57 is divided by z.
12
Let t(m) = m - 6. Let h be t(9). Calculate the remainder when h/(-12) - (-458)/8 is divided by 15.
12
Suppose 5*f = -2*m + 1, 2*f = -3*f - 5. Let z = 6 + -4. Suppose z*a - 40 = -3*a. What is the remainder when a is divided by m?
2
Let u = -12 + 28. Let a be ((-6)/(-4) - 1)*0. Suppose -3*j + 100 = -2*x, 2*j - x + a*x = 65. Calculate the remainder when j is divided by u.
14
Calculate the remainder when (3 + -1 - 4)*201/(-6) is divided by 35*(0 + 4/10).
11
Let o = 3 - 1. Let y(l) = -3*l - 4*l**2 + 0*l**3 + 3 + 2*l + o*l**3. Calculate the remainder when y(3) is divided by 10.
8
What is the remainder when 10/6*(1 + 2) is divided by 2*(2 + -1) + 1?
2
Suppose -67 = -18*o + 437. What is the remainder when 110 is divided by o?
26
Suppose 7 = 7*i - 42. What is the remainder when 17 is divided by i?
3
Suppose -48 = -x - 3*i - 16, -2*i = -8. Suppose -4*b - b = -55. What is the remainder when x is divided by b?
9
Let f = 7 + 5. Let b = 23 - f. What is the remainder when b is divided by 4?
3
Suppose 96 = 5*h - 3*p, -h + 2*h = p + 18. Calculate the remainder when h is divided by 10 - 2*(-2)/4.
10
Let v(a) = -10*a + 5. Let m be v(7). Let o = -35 - m. What is the remainder when o is divided by 16?
14
Let q = -25 - -37. Calculate the remainder when 47 is divided by q.
11
Let z = 1